{"id":11354,"date":"2019-08-02T15:01:09","date_gmt":"2019-08-02T13:01:09","guid":{"rendered":"http:\/\/sup-gal.ig-edu.univ-paris13.fr\/index.php\/formation\/informatique-6-2\/"},"modified":"2025-02-03T11:34:21","modified_gmt":"2025-02-03T09:34:21","slug":"cp2i","status":"publish","type":"page","link":"https:\/\/www.sup-galilee.univ-paris13.fr\/index.php\/formation\/cp2i\/","title":{"rendered":"CP2I"},"content":{"rendered":"<div id=\"pl-11354\"  class=\"panel-layout\" ><div id=\"pg-11354-0\"  class=\"panel-grid panel-no-style\" ><div id=\"pgc-11354-0-0\"  class=\"panel-grid-cell\" ><div id=\"panel-11354-0-0-0\" class=\"so-panel widget widget_heading panel-first-child panel-last-child\" data-index=\"0\" ><div class=\"thim-widget-heading template-base\"><div class=\"sc_heading  text-center\"><h2 style=\"color:#9b98cd;\" class=\"title\">\u201cUne pr\u00e9paration id\u00e9ale orient\u00e9e vers les sp\u00e9cialit\u00e9s de l\u2019\u00c9cole d\u2019Ing\u00e9nieurs Sup Galil\u00e9e !\u201d<\/h2><\/div><\/div><\/div><\/div><\/div><div id=\"pg-11354-1\"  class=\"panel-grid panel-no-style\" ><div id=\"pgc-11354-1-0\"  class=\"panel-grid-cell\" ><div id=\"panel-11354-1-0-0\" class=\"so-panel widget widget_heading panel-first-child\" data-index=\"1\" ><div class=\"thim-widget-heading template-base\"><div class=\"sc_heading  text-left\"><h3 style=\"text-transform: uppercase;\" class=\"title\">Objectifs<\/h3><span class=\"line\"><\/span><\/div><\/div><\/div><div id=\"panel-11354-1-0-1\" class=\"so-panel widget widget_sow-editor panel-last-child\" data-index=\"2\" ><div\n\t\t\t\n\t\t\tclass=\"so-widget-sow-editor so-widget-sow-editor-base\"\n\t\t\t\n\t\t>\n<div class=\"siteorigin-widget-tinymce textwidget\">\n\t<p><strong>Le Cursus Pr\u00e9paratoire Ing\u00e9nieur Int\u00e9gr\u00e9<\/strong> (CP2i) propose aux \u00e9tudiants une formation sur deux ans leur permettant de monter rapidement en <strong>comp\u00e9tences indispensables aux futurs ing\u00e9nieurs<\/strong>, comme en anglais ou en communication, mais aussi d\u2019acqu\u00e9rir de <strong>solides connaissances scientifiques g\u00e9n\u00e9ralistes<\/strong>.<\/p>\n<p>La Pr\u00e9pa CP2i assure aux \u00e9tudiants deux ann\u00e9es de formation scientifique afin de pr\u00e9ciser leur choix entre les cinq sp\u00e9cialit\u00e9s du cycle ing\u00e9nieur de l\u2019\u00c9cole.<\/p>\n<\/div>\n<\/div><\/div><\/div><div id=\"pgc-11354-1-1\"  class=\"panel-grid-cell\" ><div id=\"panel-11354-1-1-0\" class=\"so-panel widget widget_siteorigin-panels-builder panel-first-child panel-last-child\" data-index=\"3\" ><div class=\"panel-widget-style panel-widget-style-for-11354-1-1-0\" ><div id=\"pl-w67a08d9d5a258\"  class=\"panel-layout\" ><div id=\"pg-w67a08d9d5a258-0\"  class=\"panel-grid panel-no-style\" ><div id=\"pgc-w67a08d9d5a258-0-0\"  class=\"panel-grid-cell\" ><div id=\"panel-w67a08d9d5a258-0-0-0\" class=\"so-panel widget widget_sow-editor panel-first-child\" data-index=\"0\" ><div\n\t\t\t\n\t\t\tclass=\"so-widget-sow-editor so-widget-sow-editor-base\"\n\t\t\t\n\t\t>\n<div class=\"siteorigin-widget-tinymce textwidget\">\n\t<p><strong>Type de parcours :<\/strong> Classe Pr\u00e9pa<\/p>\n<p><strong>Niveau d\u2019\u00e9tude :<\/strong> Bac+2<\/p>\n<p><strong>Dur\u00e9e :<\/strong> 2 ans<\/p>\n<p><strong>Accessibilit\u00e9 :<\/strong> Concours Geipi-Polytech niveau Bac<\/p>\n<p><strong>Nombre de places :<\/strong> 70 \u00e9tudiants max r\u00e9partis en deux classes<\/p>\n<p><strong>Contact secr\u00e9tariat :<\/strong> 01 49 40 33 75<br \/>\ncycle-prepa.sup.galilee@univ-paris13.fr<\/p>\n<\/div>\n<\/div><\/div><div id=\"panel-w67a08d9d5a258-0-0-1\" class=\"so-panel widget widget_sow-button panel-last-child\" data-index=\"1\" ><div\n\t\t\t\n\t\t\tclass=\"so-widget-sow-button so-widget-sow-button-atom-88c922ee6212\"\n\t\t\t\n\t\t><div class=\"ow-button-base ow-button-align-center\"\n>\n\t\t\t<a\n\t\t\t\t\thref=\"https:\/\/www.sup-galilee.univ-paris13.fr\/wp-content\/uploads\/2025\/02\/fichecp2i.pdf\"\n\t\t\t\t\tclass=\"sowb-button ow-icon-placement-left ow-button-hover\" target=\"_blank\" rel=\"noopener noreferrer\" \t>\n\t\t<span>\n\t\t\t<span class=\"sow-icon-elegantline\" data-sow-icon=\"&#xe008;\"\n\t\tstyle=\"\" \n\t\taria-hidden=\"true\"><\/span>\n\t\t\tFiche formation\t\t<\/span>\n\t\t\t<\/a>\n\t<\/div>\n<\/div><\/div><\/div><\/div><\/div><\/div><\/div><\/div><\/div><div id=\"pg-11354-2\"  class=\"panel-grid panel-no-style\" ><div id=\"pgc-11354-2-0\"  class=\"panel-grid-cell\" ><div id=\"panel-11354-2-0-0\" class=\"so-panel widget widget_heading panel-first-child\" data-index=\"4\" ><div class=\"thim-widget-heading template-base\"><div class=\"sc_heading  text-left\"><h3 style=\"text-transform: uppercase;\" class=\"title\">Admission<\/h3><span class=\"line\"><\/span><\/div><\/div><\/div><div id=\"panel-11354-2-0-1\" class=\"so-panel widget widget_sow-editor panel-last-child\" data-index=\"5\" ><div\n\t\t\t\n\t\t\tclass=\"so-widget-sow-editor so-widget-sow-editor-base\"\n\t\t\t\n\t\t>\n<div class=\"siteorigin-widget-tinymce textwidget\">\n\t<p><strong>Admission en 1\u00e8re ann\u00e9e de CP2I<\/strong><\/p>\n<p>Les candidats inscrits en classe de terminale scientifique dans un lyc\u00e9e fran\u00e7ais ou un lyc\u00e9e homologu\u00e9 par l\u2019<a href=\"http:\/\/www.aefe.fr\/tous-publics\/le-reseau-scolaire-mondial\/rechercher-un-etablissement?etname=&amp;continent=AFRIQUE&amp;pays=&amp;ville=\" target=\"_blank\" rel=\"noopener\">agence pour l\u2019enseignement fran\u00e7ais \u00e0 l\u2019\u00e9tranger (aefe)<\/a>\u00a0doivent s\u2019inscrire au<strong>\u00a0<a href=\"http:\/\/www.geipi-polytech.org\/\" target=\"_blank\" rel=\"noopener\">Concours Geipi Polytech<\/a>\u00a0sur le portail\u00a0<\/strong><a href=\"http:\/\/www.parcoursup.fr\/\" target=\"_blank\" rel=\"noopener\"><strong>Parcoursup<\/strong><\/a> ;\u00a0cette voie d\u2019admission concerne les futurs bacheliers et les candidats ayant obtenu leur baccalaur\u00e9at depuis moins d\u2019un an.<br \/>\nPour les autres candidats, une admission sur <strong>dossier et entretien<\/strong> est possible en 1\u00e8re ann\u00e9e ; cette voie d\u2019admission est r\u00e9serv\u00e9e \u00e0 d\u2019excellents candidats (baccalaur\u00e9at scientifique avec au minimum la mention bien) qui ne sont pas autoris\u00e9s \u00e0 passer le concours Geipi Polytech.<\/p>\n<p>&nbsp;<\/p>\n<p><strong>Admission en 2\u00e8me ann\u00e9e de CP2I<\/strong><\/p>\n<p>Une admission sur <strong>dossier et entretien<\/strong> est possible en 2\u00e8me ann\u00e9e pour les \u00e9tudiants en math sup, math sp\u00e9, ou en cycle pr\u00e9paratoire int\u00e9gr\u00e9 d'une autre \u00e9cole d'ing\u00e9nieurs.<\/p>\n<p>&nbsp;<\/p>\n<\/div>\n<\/div><\/div><\/div><\/div><div id=\"pg-11354-3\"  class=\"panel-grid panel-no-style\" ><div id=\"pgc-11354-3-0\"  class=\"panel-grid-cell\" ><div id=\"panel-11354-3-0-0\" class=\"so-panel widget widget_heading panel-first-child panel-last-child\" data-index=\"6\" ><div class=\"thim-widget-heading template-base\"><div class=\"sc_heading  text-left\"><h3 style=\"text-transform: uppercase;\" class=\"title\">D\u00e9roul\u00e9 de la formation<\/h3><span class=\"line\"><\/span><\/div><\/div><\/div><\/div><\/div><div id=\"pg-11354-4\"  class=\"panel-grid panel-no-style\" ><div id=\"pgc-11354-4-0\"  class=\"panel-grid-cell\" ><div id=\"panel-11354-4-0-0\" class=\"so-panel widget widget_sow-editor panel-first-child\" data-index=\"7\" ><div\n\t\t\t\n\t\t\tclass=\"so-widget-sow-editor so-widget-sow-editor-base\"\n\t\t\t\n\t\t>\n<div class=\"siteorigin-widget-tinymce textwidget\">\n\t<h4>Ann\u00e9e 1<\/h4>\n<\/div>\n<\/div><\/div><div id=\"panel-11354-4-0-1\" class=\"so-panel widget widget_sow-editor\" data-index=\"8\" ><div class=\"panel-widget-style panel-widget-style-for-11354-4-0-1\" ><div\n\t\t\t\n\t\t\tclass=\"so-widget-sow-editor so-widget-sow-editor-base\"\n\t\t\t\n\t\t>\n<div class=\"siteorigin-widget-tinymce textwidget\">\n\t<p><b>Initiation aux savoirs de bases du futur ing\u00e9nieur <\/b><\/p>\n<\/div>\n<\/div><\/div><\/div><div id=\"panel-11354-4-0-2\" class=\"so-panel widget widget_sow-editor panel-last-child\" data-index=\"9\" ><div\n\t\t\t\n\t\t\tclass=\"so-widget-sow-editor so-widget-sow-editor-base\"\n\t\t\t\n\t\t>\n<div class=\"siteorigin-widget-tinymce textwidget\">\n\t<ul>\n<li>une <strong>formation de base<\/strong> commune aux \u00e9l\u00e8ves de Sup Galil\u00e9e appel\u00e9e Culture Ing\u00e9nieur avec notamment du sport, de l\u2019anglais, de l'expression et de la communication<\/li>\n<li>des <strong>cours et TD scientifiques de base<\/strong> correspondant aux domaines d'expertise scientifique de l\u2019\u00c9cole : <strong>math\u00e9matiques, physique, informatique et chimie<\/strong><\/li>\n<\/ul>\n<\/div>\n<\/div><\/div><\/div><div id=\"pgc-11354-4-1\"  class=\"panel-grid-cell\" ><div id=\"panel-11354-4-1-0\" class=\"so-panel widget widget_sow-editor panel-first-child\" data-index=\"10\" ><div\n\t\t\t\n\t\t\tclass=\"so-widget-sow-editor so-widget-sow-editor-base\"\n\t\t\t\n\t\t>\n<div class=\"siteorigin-widget-tinymce textwidget\">\n\t<h4>Ann\u00e9e 2<\/h4>\n<\/div>\n<\/div><\/div><div id=\"panel-11354-4-1-1\" class=\"so-panel widget widget_sow-editor\" data-index=\"11\" ><div class=\"panel-widget-style panel-widget-style-for-11354-4-1-1\" ><div\n\t\t\t\n\t\t\tclass=\"so-widget-sow-editor so-widget-sow-editor-base\"\n\t\t\t\n\t\t>\n<div class=\"siteorigin-widget-tinymce textwidget\">\n\t<p><b>Consolidation et approfondissement des savoirs de bases du futur ing\u00e9nieur<\/b><\/p>\n<\/div>\n<\/div><\/div><\/div><div id=\"panel-11354-4-1-2\" class=\"so-panel widget widget_sow-editor panel-last-child\" data-index=\"12\" ><div\n\t\t\t\n\t\t\tclass=\"so-widget-sow-editor so-widget-sow-editor-base\"\n\t\t\t\n\t\t>\n<div class=\"siteorigin-widget-tinymce textwidget\">\n\t<ul>\n<li>des <strong>cours et TD sp\u00e9cifiques plus avanc\u00e9s de Culture Ing\u00e9nieur <\/strong>renfor\u00e7ant les comp\u00e9tences en sport, anglais, expression et communication<\/li>\n<li>un <strong>choix possible<\/strong> pour janvier entre <strong>une formation scientifique g\u00e9n\u00e9raliste<\/strong> dispensant des cours et TD dans tous les domaines d'expertise scientifique de l\u2019\u00c9cole ou <strong>une coloration scientifique<\/strong> permettant de s\u2019orienter de mani\u00e8re anticip\u00e9e vers deux disciplines majeures : math\u00e9matiques et informatique, physique et chimie ou physique et informatique<\/li>\n<\/ul>\n<\/div>\n<\/div><\/div><\/div><\/div><div id=\"pg-11354-5\"  class=\"panel-grid panel-no-style\" ><div id=\"pgc-11354-5-0\"  class=\"panel-grid-cell\" ><div id=\"panel-11354-5-0-0\" class=\"so-panel widget widget_heading panel-first-child\" data-index=\"13\" ><div class=\"thim-widget-heading template-base\"><div class=\"sc_heading  text-left\"><h3 style=\"text-transform: uppercase;\" class=\"title\">Et apr\u00e8s la pr\u00e9pa int\u00e9gr\u00e9e?<\/h3><span class=\"line\"><\/span><\/div><\/div><\/div><div id=\"panel-11354-5-0-1\" class=\"so-panel widget widget_sow-editor\" data-index=\"14\" ><div\n\t\t\t\n\t\t\tclass=\"so-widget-sow-editor so-widget-sow-editor-base\"\n\t\t\t\n\t\t>\n<div class=\"siteorigin-widget-tinymce textwidget\">\n\t<p>Les \u00e9tudiants choisissent, \u00e0 l\u2019issue des deux ans de Cursus Pr\u00e9paratoire, <strong>une des cinq sp\u00e9cialit\u00e9s<\/strong> li\u00e9e aux domaines d'expertise scientifique de l\u2019\u00c9cole (les math\u00e9matiques, la physique, l\u2019informatique et la chimie).<\/p>\n<p><strong>Cinq sp\u00e9cialit\u00e9s au choix apr\u00e8s deux ann\u00e9es de CP2i dont deux possibles en apprentissage :<\/strong><\/p>\n<\/div>\n<\/div><\/div><div id=\"panel-11354-5-0-2\" class=\"so-panel widget widget_sow-layout-slider panel-last-child\" data-index=\"15\" ><div\n\t\t\t\n\t\t\tclass=\"so-widget-sow-layout-slider so-widget-sow-layout-slider-default-0370befad699-11354\"\n\t\t\t\n\t\t>\t\t\t\t<div class=\"sow-slider-base\" style=\"display: none\" tabindex=\"0\">\n\t\t\t\t\t<ul\n\t\t\t\t\tclass=\"sow-slider-images\"\n\t\t\t\t\tdata-settings=\"{&quot;pagination&quot;:true,&quot;speed&quot;:2000,&quot;timeout&quot;:3000,&quot;paused&quot;:false,&quot;pause_on_hover&quot;:false,&quot;swipe&quot;:true,&quot;nav_always_show_desktop&quot;:&quot;&quot;,&quot;nav_always_show_mobile&quot;:&quot;&quot;,&quot;breakpoint&quot;:&quot;780px&quot;,&quot;unmute&quot;:false,&quot;anchor&quot;:null}\"\n\t\t\t\t\t\t\t\t\t\tdata-anchor-id=\"\"\n\t\t\t\t>\t\t<li class=\"sow-slider-image  sow-slider-image-cover\" style=\"visibility: visible;;background-color: #000000;cursor: pointer;\" data-url=\"{&quot;url&quot;:&quot;https:\\\/\\\/www.sup-galilee.univ-paris13.fr\\\/index.php\\\/formation\\\/energetique\\\/&quot;,&quot;new_window&quot;:false}\" >\n\t\t\t\t\t<div class=\"sow-slider-image-container\">\n\t\t\t<div class=\"sow-slider-image-wrapper\">\n\t\t\t\t<div id=\"pl-w3c965683\"  class=\"panel-layout\" ><div id=\"pg-w3c965683-0\"  class=\"panel-grid panel-no-style\" ><div id=\"pgc-w3c965683-0-0\"  class=\"panel-grid-cell\" ><div id=\"panel-w3c965683-0-0-0\" class=\"so-panel widget widget_heading panel-first-child panel-last-child\" data-index=\"0\" ><div class=\"thim-widget-heading template-base\"><div class=\"sc_heading  text-left\"><h3 style=\"text-transform: uppercase;color:#ffffff;\" class=\"title\">\u00c9NERG\u00c9TIQUE<\/h3><span class=\"line\"><\/span><\/div><\/div><\/div><\/div><\/div><\/div>\t\t\t<\/div>\n\t\t<\/div>\n\t\t<div class=\"sow-slider-image-overlay sow-slider-image-cover\" style=\"opacity: 0.75;background-image: url(https:\/\/www.sup-galilee.univ-paris13.fr\/wp-content\/uploads\/2019\/07\/\u00e9nerg\u00e9tique.jpg)\"  ><\/div>\t\t<\/li>\n\t\t\t\t<li class=\"sow-slider-image  sow-slider-image-cover\" style=\"visibility: hidden;;background-color: #000000;cursor: pointer;\" data-url=\"{&quot;url&quot;:&quot;https:\\\/\\\/www.sup-galilee.univ-paris13.fr\\\/index.php\\\/formation\\\/informatique\\\/&quot;,&quot;new_window&quot;:false}\" >\n\t\t\t\t\t<div class=\"sow-slider-image-container\">\n\t\t\t<div class=\"sow-slider-image-wrapper\">\n\t\t\t\t<div id=\"pl-wf2326e9a\"  class=\"panel-layout\" ><div id=\"pg-wf2326e9a-0\"  class=\"panel-grid panel-no-style\" ><div id=\"pgc-wf2326e9a-0-0\"  class=\"panel-grid-cell\" ><div id=\"panel-wf2326e9a-0-0-0\" class=\"so-panel widget widget_heading panel-first-child panel-last-child\" data-index=\"0\" ><div class=\"thim-widget-heading template-base\"><div class=\"sc_heading  text-left\"><h3 style=\"text-transform: uppercase;color:#ffffff;\" class=\"title\">INFORMATIQUE<\/h3><span class=\"line\"><\/span><\/div><\/div><\/div><\/div><\/div><\/div>\t\t\t<\/div>\n\t\t<\/div>\n\t\t<div class=\"sow-slider-image-overlay sow-slider-image-cover\" style=\"opacity: 0.75\" data-background=\"url(https:\/\/www.sup-galilee.univ-paris13.fr\/wp-content\/uploads\/2019\/07\/informatique.png)\"  ><\/div>\t\t<\/li>\n\t\t\t\t<li class=\"sow-slider-image  sow-slider-image-cover\" style=\"visibility: hidden;;background-color: #000000;cursor: pointer;\" data-url=\"{&quot;url&quot;:&quot;https:\\\/\\\/www.sup-galilee.univ-paris13.fr\\\/index.php\\\/formation\\\/macs\\\/&quot;,&quot;new_window&quot;:false}\" >\n\t\t\t\t\t<div class=\"sow-slider-image-container\">\n\t\t\t<div class=\"sow-slider-image-wrapper\">\n\t\t\t\t<div id=\"pl-w2404f5ef\"  class=\"panel-layout\" ><div id=\"pg-w2404f5ef-0\"  class=\"panel-grid panel-no-style\" ><div id=\"pgc-w2404f5ef-0-0\"  class=\"panel-grid-cell\" ><div id=\"panel-w2404f5ef-0-0-0\" class=\"so-panel widget widget_heading panel-first-child panel-last-child\" data-index=\"0\" ><div class=\"panel-widget-style panel-widget-style-for-w2404f5ef-0-0-0\" ><div class=\"thim-widget-heading template-base\"><div class=\"sc_heading  text-left\"><h3 style=\"text-transform: uppercase;color:#ffffff;\" class=\"title\">Math\u00e9matiques Appliqu\u00e9es<\/h3><span class=\"line\"><\/span><\/div><\/div><\/div><\/div><\/div><\/div><\/div>\t\t\t<\/div>\n\t\t<\/div>\n\t\t<div class=\"sow-slider-image-overlay sow-slider-image-cover\" style=\"opacity: 0.75\" data-background=\"url(https:\/\/www.sup-galilee.univ-paris13.fr\/wp-content\/uploads\/2019\/07\/macs.jpg)\"  ><\/div>\t\t<\/li>\n\t\t\t\t<li class=\"sow-slider-image  sow-slider-image-cover\" style=\"visibility: hidden;;background-color: #000000;cursor: pointer;\" data-url=\"{&quot;url&quot;:&quot;https:\\\/\\\/www.sup-galilee.univ-paris13.fr\\\/index.php\\\/formation\\\/telecom\\\/&quot;,&quot;new_window&quot;:false}\" >\n\t\t\t\t\t<div class=\"sow-slider-image-container\">\n\t\t\t<div class=\"sow-slider-image-wrapper\">\n\t\t\t\t<div id=\"pl-w9abb192a\"  class=\"panel-layout\" ><div id=\"pg-w9abb192a-0\"  class=\"panel-grid panel-no-style\" ><div id=\"pgc-w9abb192a-0-0\"  class=\"panel-grid-cell\" ><div id=\"panel-w9abb192a-0-0-0\" class=\"so-panel widget widget_heading panel-first-child panel-last-child\" data-index=\"0\" ><div class=\"thim-widget-heading template-base\"><div class=\"sc_heading  text-left\"><h3 style=\"text-transform: uppercase;color:#ffffff;\" class=\"title\">TELECOM<\/h3><span class=\"line\"><\/span><\/div><\/div><\/div><\/div><\/div><\/div>\t\t\t<\/div>\n\t\t<\/div>\n\t\t<div class=\"sow-slider-image-overlay sow-slider-image-cover\" style=\"opacity: 0.75\" data-background=\"url(https:\/\/www.sup-galilee.univ-paris13.fr\/wp-content\/uploads\/2019\/07\/telecom.jpg)\"  ><\/div>\t\t<\/li>\n\t\t\t\t<li class=\"sow-slider-image  sow-slider-image-cover\" style=\"visibility: hidden;;background-color: #000000;cursor: pointer;\" data-url=\"{&quot;url&quot;:&quot;https:\\\/\\\/www.sup-galilee.univ-paris13.fr\\\/index.php\\\/formation\\\/instrumentation\\\/&quot;,&quot;new_window&quot;:false}\" >\n\t\t\t\t\t<div class=\"sow-slider-image-container\">\n\t\t\t<div class=\"sow-slider-image-wrapper\">\n\t\t\t\t<div id=\"pl-wfb5222ff\"  class=\"panel-layout\" ><div id=\"pg-wfb5222ff-0\"  class=\"panel-grid panel-no-style\" ><div id=\"pgc-wfb5222ff-0-0\"  class=\"panel-grid-cell\" ><div id=\"panel-wfb5222ff-0-0-0\" class=\"so-panel widget widget_heading panel-first-child panel-last-child\" data-index=\"0\" ><div class=\"thim-widget-heading template-base\"><div class=\"sc_heading  text-left\"><h3 style=\"text-transform: uppercase;color:#ffffff;\" class=\"title\">INSTRUMENTATION<\/h3><span class=\"line\"><\/span><\/div><\/div><\/div><\/div><\/div><\/div>\t\t\t<\/div>\n\t\t<\/div>\n\t\t<div class=\"sow-slider-image-overlay sow-slider-image-cover\" style=\"opacity: 0.75\" data-background=\"url(https:\/\/www.sup-galilee.univ-paris13.fr\/wp-content\/uploads\/2019\/07\/instrumentation.jpg)\"  ><\/div>\t\t<\/li>\n\t\t\t\t<li class=\"sow-slider-image  sow-slider-image-cover\" style=\"visibility: hidden;;background-color: #000000;cursor: pointer;\" data-url=\"{&quot;url&quot;:&quot;https:\\\/\\\/www.sup-galilee.univ-paris13.fr\\\/index.php\\\/formation\\\/energetique-apprentissage\\\/&quot;,&quot;new_window&quot;:false}\" >\n\t\t\t\t\t<div class=\"sow-slider-image-container\">\n\t\t\t<div class=\"sow-slider-image-wrapper\">\n\t\t\t\t<div id=\"pl-w92b00a5b\"  class=\"panel-layout\" ><div id=\"pg-w92b00a5b-0\"  class=\"panel-grid panel-no-style\" ><div id=\"pgc-w92b00a5b-0-0\"  class=\"panel-grid-cell\" ><div id=\"panel-w92b00a5b-0-0-0\" class=\"so-panel widget widget_heading panel-first-child panel-last-child\" data-index=\"0\" ><div class=\"thim-widget-heading template-base\"><div class=\"sc_heading  text-left\"><h3 style=\"text-transform: uppercase;color:#ffffff;\" class=\"title\">\u00c9NERG\u00c9TIQUE APPRENTISSAGE<\/h3><span class=\"line\"><\/span><\/div><\/div><\/div><\/div><\/div><\/div>\t\t\t<\/div>\n\t\t<\/div>\n\t\t<div class=\"sow-slider-image-overlay sow-slider-image-cover\" style=\"opacity: 0.75\" data-background=\"url(https:\/\/www.sup-galilee.univ-paris13.fr\/wp-content\/uploads\/2019\/07\/\u00e9nerg\u00e9tique.jpg)\"  ><\/div>\t\t<\/li>\n\t\t\t\t<li class=\"sow-slider-image  sow-slider-image-cover\" style=\"visibility: hidden;;background-color: #000000;cursor: pointer;\" data-url=\"{&quot;url&quot;:&quot;https:\\\/\\\/www.sup-galilee.univ-paris13.fr\\\/index.php\\\/formation\\\/informatique-apprentissage\\\/&quot;,&quot;new_window&quot;:false}\" >\n\t\t\t\t\t<div class=\"sow-slider-image-container\">\n\t\t\t<div class=\"sow-slider-image-wrapper\">\n\t\t\t\t<div id=\"pl-w65b76723\"  class=\"panel-layout\" ><div id=\"pg-w65b76723-0\"  class=\"panel-grid panel-no-style\" ><div id=\"pgc-w65b76723-0-0\"  class=\"panel-grid-cell\" ><div id=\"panel-w65b76723-0-0-0\" class=\"so-panel widget widget_heading panel-first-child panel-last-child\" data-index=\"0\" ><div class=\"panel-widget-style panel-widget-style-for-w65b76723-0-0-0\" ><div class=\"thim-widget-heading template-base\"><div class=\"sc_heading  text-left\"><h3 style=\"text-transform: uppercase;color:#ffffff;\" class=\"title\">INFORMATIQUE APPRENTISSAGE<\/h3><span class=\"line\"><\/span><\/div><\/div><\/div><\/div><\/div><\/div><\/div>\t\t\t<\/div>\n\t\t<\/div>\n\t\t<div class=\"sow-slider-image-overlay sow-slider-image-cover\" style=\"opacity: 0.75\" data-background=\"url(https:\/\/www.sup-galilee.univ-paris13.fr\/wp-content\/uploads\/2019\/08\/informatique.png)\"  ><\/div>\t\t<\/li>\n\t\t<\/ul>\t\t\t\t<ol class=\"sow-slider-pagination\">\n\t\t\t\t\t\t\t\t\t\t\t<li><a href=\"#\" data-goto=\"0\" aria-label=\"Display slide 1\"><\/a><\/li>\n\t\t\t\t\t\t\t\t\t\t\t<li><a href=\"#\" data-goto=\"1\" aria-label=\"Display slide 2\"><\/a><\/li>\n\t\t\t\t\t\t\t\t\t\t\t<li><a href=\"#\" data-goto=\"2\" aria-label=\"Display slide 3\"><\/a><\/li>\n\t\t\t\t\t\t\t\t\t\t\t<li><a href=\"#\" data-goto=\"3\" aria-label=\"Display slide 4\"><\/a><\/li>\n\t\t\t\t\t\t\t\t\t\t\t<li><a href=\"#\" data-goto=\"4\" aria-label=\"Display slide 5\"><\/a><\/li>\n\t\t\t\t\t\t\t\t\t\t\t<li><a href=\"#\" data-goto=\"5\" aria-label=\"Display slide 6\"><\/a><\/li>\n\t\t\t\t\t\t\t\t\t\t\t<li><a href=\"#\" data-goto=\"6\" aria-label=\"Display slide 7\"><\/a><\/li>\n\t\t\t\t\t\t\t\t\t<\/ol>\n\n\t\t\t\t<div class=\"sow-slide-nav sow-slide-nav-next\">\n\t\t\t\t\t<a href=\"#\" data-goto=\"next\" aria-label=\"Next slide\" data-action=\"next\">\n\t\t\t\t\t\t<em class=\"sow-sld-icon-thin-right\"><\/em>\n\t\t\t\t\t<\/a>\n\t\t\t\t<\/div>\n\n\t\t\t\t<div class=\"sow-slide-nav sow-slide-nav-prev\">\n\t\t\t\t\t<a href=\"#\" data-goto=\"previous\" aria-label=\"Previous slide\" data-action=\"prev\">\n\t\t\t\t\t\t<em class=\"sow-sld-icon-thin-left\"><\/em>\n\t\t\t\t\t<\/a>\n\t\t\t\t<\/div>\n\t\t\t\t<\/div><\/div><\/div><\/div><\/div><div id=\"pg-11354-6\"  class=\"panel-grid panel-no-style\" ><div id=\"pgc-11354-6-0\"  class=\"panel-grid-cell\" ><div id=\"panel-11354-6-0-0\" class=\"so-panel widget widget_heading panel-first-child panel-last-child\" data-index=\"16\" ><div class=\"thim-widget-heading template-base\"><div class=\"sc_heading  text-left\"><h3 style=\"text-transform: uppercase;\" class=\"title\">Plus de d\u00e9tails<\/h3><span class=\"line\"><\/span><\/div><\/div><\/div><\/div><\/div><div id=\"pg-11354-7\"  class=\"panel-grid panel-no-style\" ><div id=\"pgc-11354-7-0\"  class=\"panel-grid-cell\" ><div id=\"panel-11354-7-0-0\" class=\"so-panel widget widget_sow-button panel-first-child panel-last-child\" data-index=\"17\" ><div\n\t\t\t\n\t\t\tclass=\"so-widget-sow-button so-widget-sow-button-atom-c79703b27520-11354\"\n\t\t\t\n\t\t><div class=\"ow-button-base ow-button-align-center\"\n>\n\t\t\t<a\n\t\t\t\t\thref=\"\/wp-content\/uploads\/2024\/03\/fichecp2i.pdf\"\n\t\t\t\t\tclass=\"sowb-button ow-icon-placement-top ow-button-hover\" target=\"_blank\" rel=\"noopener noreferrer\" \t>\n\t\t<span>\n\t\t\t<span class=\"sow-icon-elegantline\" data-sow-icon=\"&#xe008;\"\n\t\tstyle=\"\" \n\t\taria-hidden=\"true\"><\/span>\n\t\t\tFiche formation\t\t<\/span>\n\t\t\t<\/a>\n\t<\/div>\n<\/div><\/div><\/div><div id=\"pgc-11354-7-1\"  class=\"panel-grid-cell\" ><div id=\"panel-11354-7-1-0\" class=\"so-panel widget widget_sow-button panel-first-child panel-last-child\" data-index=\"18\" ><div\n\t\t\t\n\t\t\tclass=\"so-widget-sow-button so-widget-sow-button-atom-19cacca871e7-11354\"\n\t\t\t\n\t\t><div class=\"ow-button-base ow-button-align-center\"\n>\n\t\t\t<a\n\t\t\t\t\thref=\"https:\/\/www.sup-galilee.univ-paris13.fr\/index.php\/formation\/cp2i\/controle-des-connaissance-cp2i\/\"\n\t\t\t\t\tclass=\"sowb-button ow-icon-placement-top ow-button-hover\" \t>\n\t\t<span>\n\t\t\t<span class=\"sow-icon-elegantline\" data-sow-icon=\"&#xe019;\"\n\t\tstyle=\"\" \n\t\taria-hidden=\"true\"><\/span>\n\t\t\tModalit\u00e9s de contr\u00f4le des connaissances\t\t<\/span>\n\t\t\t<\/a>\n\t<\/div>\n<\/div><\/div><\/div><div id=\"pgc-11354-7-2\"  class=\"panel-grid-cell\" ><div id=\"panel-11354-7-2-0\" class=\"so-panel widget widget_sow-button panel-first-child panel-last-child\" data-index=\"19\" ><div\n\t\t\t\n\t\t\tclass=\"so-widget-sow-button so-widget-sow-button-atom-c79703b27520-11354\"\n\t\t\t\n\t\t><div class=\"ow-button-base ow-button-align-center\"\n>\n\t\t\t<a\n\t\t\t\t\thref=\"\/wp-content\/uploads\/2024\/01\/Organigramme_Sup_Galilee.pdf\"\n\t\t\t\t\tclass=\"sowb-button ow-icon-placement-top ow-button-hover\" target=\"_blank\" rel=\"noopener noreferrer\" \t>\n\t\t<span>\n\t\t\t<span class=\"sow-icon-elegantline\" data-sow-icon=\"&#xe00b;\"\n\t\tstyle=\"\" \n\t\taria-hidden=\"true\"><\/span>\n\t\t\tOrganigramme\t\t<\/span>\n\t\t\t<\/a>\n\t<\/div>\n<\/div><\/div><\/div><\/div><\/div>","protected":false},"excerpt":{"rendered":"<p>Le Cursus Pr\u00e9paratoire Ing\u00e9nieur Int\u00e9gr\u00e9 (CP2i) propose aux \u00e9tudiants une formation sur deux ans leur permettant de monter rapidement en comp\u00e9tences indispensables aux futurs ing\u00e9nieurs, comme en anglais ou en communication, mais aussi d\u2019acqu\u00e9rir de solides connaissances scientifiques g\u00e9n\u00e9ralistes. La &hellip; <\/p>\n","protected":false},"author":1,"featured_media":0,"parent":9025,"menu_order":0,"comment_status":"closed","ping_status":"closed","template":"","meta":{"footnotes":""},"class_list":["post-11354","page","type-page","status-publish","hentry"],"_links":{"self":[{"href":"https:\/\/www.sup-galilee.univ-paris13.fr\/index.php\/wp-json\/wp\/v2\/pages\/11354","targetHints":{"allow":["GET"]}}],"collection":[{"href":"https:\/\/www.sup-galilee.univ-paris13.fr\/index.php\/wp-json\/wp\/v2\/pages"}],"about":[{"href":"https:\/\/www.sup-galilee.univ-paris13.fr\/index.php\/wp-json\/wp\/v2\/types\/page"}],"author":[{"embeddable":true,"href":"https:\/\/www.sup-galilee.univ-paris13.fr\/index.php\/wp-json\/wp\/v2\/users\/1"}],"replies":[{"embeddable":true,"href":"https:\/\/www.sup-galilee.univ-paris13.fr\/index.php\/wp-json\/wp\/v2\/comments?post=11354"}],"version-history":[{"count":59,"href":"https:\/\/www.sup-galilee.univ-paris13.fr\/index.php\/wp-json\/wp\/v2\/pages\/11354\/revisions"}],"predecessor-version":[{"id":14401,"href":"https:\/\/www.sup-galilee.univ-paris13.fr\/index.php\/wp-json\/wp\/v2\/pages\/11354\/revisions\/14401"}],"up":[{"embeddable":true,"href":"https:\/\/www.sup-galilee.univ-paris13.fr\/index.php\/wp-json\/wp\/v2\/pages\/9025"}],"wp:attachment":[{"href":"https:\/\/www.sup-galilee.univ-paris13.fr\/index.php\/wp-json\/wp\/v2\/media?parent=11354"}],"curies":[{"name":"wp","href":"https:\/\/api.w.org\/{rel}","templated":true}]}}