{"id":11666,"date":"2019-08-07T11:52:21","date_gmt":"2019-08-07T09:52:21","guid":{"rendered":"http:\/\/sup-gal.ig-edu.univ-paris13.fr\/?page_id=11666"},"modified":"2022-02-24T09:16:23","modified_gmt":"2022-02-24T07:16:23","slug":"sports","status":"publish","type":"page","link":"https:\/\/www.sup-galilee.univ-paris13.fr\/index.php\/vie-sur-le-campus\/sports\/","title":{"rendered":"Sports"},"content":{"rendered":"\n<h2 class=\"wp-block-heading\">ACTIVIT\u00c9S SPORTIVES SUR LE CAMPUS<\/h2>\n\n\n\n<p>Le Daps est le <strong>D\u00e9partement des activit\u00e9s physiques et sportives<\/strong> de l&rsquo;Universit\u00e9 Sorbonne Paris Nord. Dans le cadre de votre cursus, de comp\u00e9titions, de loisirs\u2026 C&rsquo;est \u00e0 vous de choisir votre sport.<\/p>\n\n\n\n<p>Le Daps est un d\u00e9partement transversal qui a pour mission d\u2019organiser et d\u2019encadrer les activit\u00e9s sportives \u00e9valu\u00e9es dans les diff\u00e9rents cursus, les pratiques de loisirs, et les comp\u00e9titions FFSU ; sans oublier les stages et les week-ends sportifs programm\u00e9s tout au long de l\u2019ann\u00e9e.<\/p>\n\n\n\n<figure class=\"wp-block-gallery has-nested-images columns-default is-cropped wp-block-gallery-1 is-layout-flex wp-block-gallery-is-layout-flex\">\n<figure class=\"wp-block-image size-large\"><img loading=\"lazy\" decoding=\"async\" width=\"2048\" height=\"1536\" data-id=\"12345\" src=\"http:\/\/sup-gal.ig-edu.univ-paris13.fr\/wp-content\/uploads\/2022\/02\/Salle-escalade-2048x1536-1.jpg\" alt=\"\" class=\"wp-image-12345\" srcset=\"https:\/\/www.sup-galilee.univ-paris13.fr\/wp-content\/uploads\/2022\/02\/Salle-escalade-2048x1536-1.jpg 2048w, https:\/\/www.sup-galilee.univ-paris13.fr\/wp-content\/uploads\/2022\/02\/Salle-escalade-2048x1536-1-300x225.jpg 300w, https:\/\/www.sup-galilee.univ-paris13.fr\/wp-content\/uploads\/2022\/02\/Salle-escalade-2048x1536-1-1024x768.jpg 1024w, https:\/\/www.sup-galilee.univ-paris13.fr\/wp-content\/uploads\/2022\/02\/Salle-escalade-2048x1536-1-768x576.jpg 768w, https:\/\/www.sup-galilee.univ-paris13.fr\/wp-content\/uploads\/2022\/02\/Salle-escalade-2048x1536-1-1536x1152.jpg 1536w\" sizes=\"auto, (max-width: 2048px) 100vw, 2048px\" \/><\/figure>\n\n\n\n<figure class=\"wp-block-image size-large\"><img loading=\"lazy\" decoding=\"async\" width=\"2048\" height=\"1536\" data-id=\"12343\" src=\"http:\/\/sup-gal.ig-edu.univ-paris13.fr\/wp-content\/uploads\/2022\/02\/Salle-musculation-2048x1536-1.jpg\" alt=\"\" class=\"wp-image-12343\" srcset=\"https:\/\/www.sup-galilee.univ-paris13.fr\/wp-content\/uploads\/2022\/02\/Salle-musculation-2048x1536-1.jpg 2048w, https:\/\/www.sup-galilee.univ-paris13.fr\/wp-content\/uploads\/2022\/02\/Salle-musculation-2048x1536-1-300x225.jpg 300w, https:\/\/www.sup-galilee.univ-paris13.fr\/wp-content\/uploads\/2022\/02\/Salle-musculation-2048x1536-1-1024x768.jpg 1024w, https:\/\/www.sup-galilee.univ-paris13.fr\/wp-content\/uploads\/2022\/02\/Salle-musculation-2048x1536-1-768x576.jpg 768w, https:\/\/www.sup-galilee.univ-paris13.fr\/wp-content\/uploads\/2022\/02\/Salle-musculation-2048x1536-1-1536x1152.jpg 1536w\" sizes=\"auto, (max-width: 2048px) 100vw, 2048px\" \/><\/figure>\n\n\n\n<figure class=\"wp-block-image size-large\"><img loading=\"lazy\" decoding=\"async\" width=\"2048\" height=\"1536\" data-id=\"12355\" src=\"http:\/\/sup-gal.ig-edu.univ-paris13.fr\/wp-content\/uploads\/2022\/02\/Dojo-2048x1536-1.jpg\" alt=\"\" class=\"wp-image-12355\" srcset=\"https:\/\/www.sup-galilee.univ-paris13.fr\/wp-content\/uploads\/2022\/02\/Dojo-2048x1536-1.jpg 2048w, https:\/\/www.sup-galilee.univ-paris13.fr\/wp-content\/uploads\/2022\/02\/Dojo-2048x1536-1-300x225.jpg 300w, https:\/\/www.sup-galilee.univ-paris13.fr\/wp-content\/uploads\/2022\/02\/Dojo-2048x1536-1-1024x768.jpg 1024w, https:\/\/www.sup-galilee.univ-paris13.fr\/wp-content\/uploads\/2022\/02\/Dojo-2048x1536-1-768x576.jpg 768w, https:\/\/www.sup-galilee.univ-paris13.fr\/wp-content\/uploads\/2022\/02\/Dojo-2048x1536-1-1536x1152.jpg 1536w\" sizes=\"auto, (max-width: 2048px) 100vw, 2048px\" \/><\/figure>\n\n\n\n<figure class=\"wp-block-image size-large\"><img loading=\"lazy\" decoding=\"async\" width=\"2048\" height=\"1536\" data-id=\"12356\" src=\"http:\/\/sup-gal.ig-edu.univ-paris13.fr\/wp-content\/uploads\/2022\/02\/salle-de-danse-2048x1536-1.jpg\" alt=\"\" class=\"wp-image-12356\" srcset=\"https:\/\/www.sup-galilee.univ-paris13.fr\/wp-content\/uploads\/2022\/02\/salle-de-danse-2048x1536-1.jpg 2048w, https:\/\/www.sup-galilee.univ-paris13.fr\/wp-content\/uploads\/2022\/02\/salle-de-danse-2048x1536-1-300x225.jpg 300w, https:\/\/www.sup-galilee.univ-paris13.fr\/wp-content\/uploads\/2022\/02\/salle-de-danse-2048x1536-1-1024x768.jpg 1024w, https:\/\/www.sup-galilee.univ-paris13.fr\/wp-content\/uploads\/2022\/02\/salle-de-danse-2048x1536-1-768x576.jpg 768w, https:\/\/www.sup-galilee.univ-paris13.fr\/wp-content\/uploads\/2022\/02\/salle-de-danse-2048x1536-1-1536x1152.jpg 1536w\" sizes=\"auto, (max-width: 2048px) 100vw, 2048px\" \/><\/figure>\n\n\n\n<figure class=\"wp-block-image size-large\"><img loading=\"lazy\" decoding=\"async\" width=\"2048\" height=\"1536\" data-id=\"12357\" src=\"http:\/\/sup-gal.ig-edu.univ-paris13.fr\/wp-content\/uploads\/2022\/02\/Gymnase-Bleu-2048x1536-1.jpg\" alt=\"\" class=\"wp-image-12357\" srcset=\"https:\/\/www.sup-galilee.univ-paris13.fr\/wp-content\/uploads\/2022\/02\/Gymnase-Bleu-2048x1536-1.jpg 2048w, https:\/\/www.sup-galilee.univ-paris13.fr\/wp-content\/uploads\/2022\/02\/Gymnase-Bleu-2048x1536-1-300x225.jpg 300w, https:\/\/www.sup-galilee.univ-paris13.fr\/wp-content\/uploads\/2022\/02\/Gymnase-Bleu-2048x1536-1-1024x768.jpg 1024w, https:\/\/www.sup-galilee.univ-paris13.fr\/wp-content\/uploads\/2022\/02\/Gymnase-Bleu-2048x1536-1-768x576.jpg 768w, https:\/\/www.sup-galilee.univ-paris13.fr\/wp-content\/uploads\/2022\/02\/Gymnase-Bleu-2048x1536-1-1536x1152.jpg 1536w\" sizes=\"auto, (max-width: 2048px) 100vw, 2048px\" \/><\/figure>\n\n\n\n<figure class=\"wp-block-image size-large\"><img loading=\"lazy\" decoding=\"async\" width=\"2048\" height=\"1536\" data-id=\"12359\" src=\"http:\/\/sup-gal.ig-edu.univ-paris13.fr\/wp-content\/uploads\/2022\/02\/Salle-multisports-2048x1536-1.jpg\" alt=\"\" class=\"wp-image-12359\" srcset=\"https:\/\/www.sup-galilee.univ-paris13.fr\/wp-content\/uploads\/2022\/02\/Salle-multisports-2048x1536-1.jpg 2048w, https:\/\/www.sup-galilee.univ-paris13.fr\/wp-content\/uploads\/2022\/02\/Salle-multisports-2048x1536-1-300x225.jpg 300w, https:\/\/www.sup-galilee.univ-paris13.fr\/wp-content\/uploads\/2022\/02\/Salle-multisports-2048x1536-1-1024x768.jpg 1024w, https:\/\/www.sup-galilee.univ-paris13.fr\/wp-content\/uploads\/2022\/02\/Salle-multisports-2048x1536-1-768x576.jpg 768w, https:\/\/www.sup-galilee.univ-paris13.fr\/wp-content\/uploads\/2022\/02\/Salle-multisports-2048x1536-1-1536x1152.jpg 1536w\" sizes=\"auto, (max-width: 2048px) 100vw, 2048px\" \/><\/figure>\n<\/figure>\n\n\n\n<p>Il s\u2019adresse <strong>\u00e0 tous les \u00e9tudiants<\/strong>, mais \u00e9galement aux enseignants et personnels g\u00e9rant ainsi un v\u00e9ritable r\u00e9seau de pratiquants au sein de l\u2019\u00e9tablissement. Toute l\u2019\u00e9quipe travaille pour assurer, dans ses plannings, une offre de qualit\u00e9 et de diversit\u00e9 adapt\u00e9e \u00e0 chaque campus.<\/p>\n\n\n\n<p>Le DAPS se veut un acteur cl\u00e9 de l\u2019am\u00e9lioration du cadre de vie pour toujours plus de convivialit\u00e9 \u00e0 l&rsquo;Universit\u00e9 Sorbonne Paris Nord.<\/p>\n\n\n\n<p><a rel=\"noreferrer noopener\" href=\"http:\/\/www.univ-paris13.fr\/sport\/\" target=\"_blank\">Les actualit\u00e9s du Daps<\/a> et le <a href=\"https:\/\/www.univ-paris13.fr\/le-daps\/\" data-type=\"URL\" data-id=\"https:\/\/www.univ-paris13.fr\/le-daps\/\">site du Daps<\/a><\/p>\n\n\n\n<h2 class=\"wp-block-heading\">ACTIVIT\u00c9S R\u00c9CURRENTES DE L&rsquo;\u00c9COLE<\/h2>\n\n\n\n<p>81 \u00e9l\u00e8ves de l&rsquo;\u00e9cole d&rsquo;ing\u00e9nieurs Sup Galil\u00e9e sont partis comme chaque ann\u00e9e au ski dans la station des Alpes avec leurs professeurs du D\u00e9partement des Sports. Activit\u00e9s sportives et bonne humeur ont \u00e9t\u00e9 au rendez-vous.<\/p>\n\n\n\n<figure class=\"wp-block-gallery has-nested-images columns-default is-cropped wp-block-gallery-2 is-layout-flex wp-block-gallery-is-layout-flex\">\n<figure class=\"wp-block-image size-large\"><img loading=\"lazy\" decoding=\"async\" width=\"481\" height=\"310\" data-id=\"12348\" src=\"http:\/\/sup-gal.ig-edu.univ-paris13.fr\/wp-content\/uploads\/2022\/02\/sport_2_gr.jpg\" alt=\"\" class=\"wp-image-12348\" srcset=\"https:\/\/www.sup-galilee.univ-paris13.fr\/wp-content\/uploads\/2022\/02\/sport_2_gr.jpg 481w, https:\/\/www.sup-galilee.univ-paris13.fr\/wp-content\/uploads\/2022\/02\/sport_2_gr-300x193.jpg 300w\" sizes=\"auto, (max-width: 481px) 100vw, 481px\" \/><\/figure>\n\n\n\n<figure class=\"wp-block-image size-large\"><img loading=\"lazy\" decoding=\"async\" width=\"640\" height=\"480\" data-id=\"12349\" src=\"http:\/\/sup-gal.ig-edu.univ-paris13.fr\/wp-content\/uploads\/2022\/02\/sport_1_gr.jpg\" alt=\"\" class=\"wp-image-12349\" srcset=\"https:\/\/www.sup-galilee.univ-paris13.fr\/wp-content\/uploads\/2022\/02\/sport_1_gr.jpg 640w, https:\/\/www.sup-galilee.univ-paris13.fr\/wp-content\/uploads\/2022\/02\/sport_1_gr-300x225.jpg 300w\" sizes=\"auto, (max-width: 640px) 100vw, 640px\" \/><\/figure>\n<\/figure>\n\n\n\n<h2 class=\"wp-block-heading\">SPORTIFS DE HAUT NIVEAU<\/h2>\n\n\n\n<p>Des am\u00e9nagements de la scolarit\u00e9 sont mis en place pour les sportifs de haut niveau afin de leur permettre de suivre des \u00e9tudes en parall\u00e8le de leurs entrainements.<\/p>\n","protected":false},"excerpt":{"rendered":"<p>ACTIVIT\u00c9S SPORTIVES SUR LE CAMPUS Le Daps est le D\u00e9partement des activit\u00e9s physiques et sportives de l&rsquo;Universit\u00e9 Sorbonne Paris Nord. Dans le cadre de votre cursus, de comp\u00e9titions, de loisirs\u2026 C&rsquo;est \u00e0 vous de choisir votre sport. Le Daps est &hellip; <\/p>\n","protected":false},"author":1,"featured_media":0,"parent":9026,"menu_order":0,"comment_status":"closed","ping_status":"closed","template":"","meta":{"footnotes":""},"class_list":["post-11666","page","type-page","status-publish","hentry"],"_links":{"self":[{"href":"https:\/\/www.sup-galilee.univ-paris13.fr\/index.php\/wp-json\/wp\/v2\/pages\/11666","targetHints":{"allow":["GET"]}}],"collection":[{"href":"https:\/\/www.sup-galilee.univ-paris13.fr\/index.php\/wp-json\/wp\/v2\/pages"}],"about":[{"href":"https:\/\/www.sup-galilee.univ-paris13.fr\/index.php\/wp-json\/wp\/v2\/types\/page"}],"author":[{"embeddable":true,"href":"https:\/\/www.sup-galilee.univ-paris13.fr\/index.php\/wp-json\/wp\/v2\/users\/1"}],"replies":[{"embeddable":true,"href":"https:\/\/www.sup-galilee.univ-paris13.fr\/index.php\/wp-json\/wp\/v2\/comments?post=11666"}],"version-history":[{"count":11,"href":"https:\/\/www.sup-galilee.univ-paris13.fr\/index.php\/wp-json\/wp\/v2\/pages\/11666\/revisions"}],"predecessor-version":[{"id":12368,"href":"https:\/\/www.sup-galilee.univ-paris13.fr\/index.php\/wp-json\/wp\/v2\/pages\/11666\/revisions\/12368"}],"up":[{"embeddable":true,"href":"https:\/\/www.sup-galilee.univ-paris13.fr\/index.php\/wp-json\/wp\/v2\/pages\/9026"}],"wp:attachment":[{"href":"https:\/\/www.sup-galilee.univ-paris13.fr\/index.php\/wp-json\/wp\/v2\/media?parent=11666"}],"curies":[{"name":"wp","href":"https:\/\/api.w.org\/{rel}","templated":true}]}}