{"id":11683,"date":"2019-08-07T11:58:53","date_gmt":"2019-08-07T09:58:53","guid":{"rendered":"http:\/\/sup-gal.ig-edu.univ-paris13.fr\/?page_id=11683"},"modified":"2024-02-13T18:10:59","modified_gmt":"2024-02-13T16:10:59","slug":"frais-dinscription","status":"publish","type":"page","link":"https:\/\/www.sup-galilee.univ-paris13.fr\/index.php\/admission\/frais-dinscription\/","title":{"rendered":"Frais d&rsquo;inscription"},"content":{"rendered":"<div id=\"pl-gb11683-69ddb968cef19\"  class=\"panel-layout\" ><div id=\"pg-gb11683-69ddb968cef19-0\"  class=\"panel-grid panel-no-style\" ><div id=\"pgc-gb11683-69ddb968cef19-0-0\"  class=\"panel-grid-cell\" ><div id=\"panel-gb11683-69ddb968cef19-0-0-0\" class=\"so-panel widget widget_heading panel-first-child\" data-index=\"0\" ><div class=\"thim-widget-heading template-base\"><div class=\"sc_heading  \"><h3 style=\"text-transform: uppercase;\" class=\"title\">Frais d&rsquo;inscription<\/h3><span class=\"line\"><\/span><\/div><\/div><\/div><div id=\"panel-gb11683-69ddb968cef19-0-0-1\" class=\"so-panel widget widget_sow-editor panel-last-child\" data-index=\"1\" ><div\n\t\t\t\n\t\t\tclass=\"so-widget-sow-editor so-widget-sow-editor-base\"\n\t\t\t\n\t\t>\n<div class=\"siteorigin-widget-tinymce textwidget\">\n\t<p>Les <strong>frais d&rsquo;inscription<\/strong> sont de :<\/p>\n<ul>\n<li><strong>170 \u20ac<\/strong> pour le Cursus Pr\u00e9paratoire Ing\u00e9nieur Int\u00e9gr\u00e9 (CP2i)<\/li>\n<li><strong>601 \u20ac<\/strong> pour le Cursus Ing\u00e9nieur<\/li>\n<\/ul>\n<p>&nbsp;<\/p>\n<p>En 2023-2024, le montant de la <a href=\"https:\/\/cvec.etudiant.gouv.fr\/\" target=\"_blank\" rel=\"noopener\">CVEC<\/a> (Contribution de Vie \u00c9tudiante et de Campus) est de 100 \u20ac. Une <strong>attestation d&rsquo;acquittement de la CVEC<\/strong> est obligatoire pour finaliser son inscription dans un \u00e9tablissement sup\u00e9rieur (par paiement ou exon\u00e9ration). Si l&rsquo;\u00e9tudiant ne s&rsquo;acquitte pas de la CVEC, l&rsquo;inscription administrative ne pourra pas \u00eatre valid\u00e9e.<\/p>\n<\/div>\n<\/div><\/div><\/div><div id=\"pgc-gb11683-69ddb968cef19-0-1\"  class=\"panel-grid-cell\" ><div id=\"panel-gb11683-69ddb968cef19-0-1-0\" class=\"so-panel widget widget_empty-space panel-first-child\" data-index=\"2\" ><div class=\"thim-widget-empty-space template-base\"><div class=\"empty_space\" style=\"height:50px\"><\/div><\/div><\/div><div id=\"panel-gb11683-69ddb968cef19-0-1-1\" class=\"so-panel widget widget_sow-image panel-last-child\" data-index=\"3\" ><div\n\t\t\t\n\t\t\tclass=\"so-widget-sow-image so-widget-sow-image-default-8b5b6f678277-11683\"\n\t\t\t\n\t\t>\n<div class=\"sow-image-container\">\n\t\t<img \n\tsrc=\"https:\/\/www.sup-galilee.univ-paris13.fr\/wp-content\/uploads\/2024\/02\/IG-1-scaled.jpg\" width=\"2560\" height=\"1399\" srcset=\"https:\/\/www.sup-galilee.univ-paris13.fr\/wp-content\/uploads\/2024\/02\/IG-1-scaled.jpg 2560w, https:\/\/www.sup-galilee.univ-paris13.fr\/wp-content\/uploads\/2024\/02\/IG-1-300x164.jpg 300w, https:\/\/www.sup-galilee.univ-paris13.fr\/wp-content\/uploads\/2024\/02\/IG-1-1024x560.jpg 1024w, https:\/\/www.sup-galilee.univ-paris13.fr\/wp-content\/uploads\/2024\/02\/IG-1-768x420.jpg 768w, https:\/\/www.sup-galilee.univ-paris13.fr\/wp-content\/uploads\/2024\/02\/IG-1-1536x839.jpg 1536w, https:\/\/www.sup-galilee.univ-paris13.fr\/wp-content\/uploads\/2024\/02\/IG-1-2048x1119.jpg 2048w\" sizes=\"(max-width: 2560px) 100vw, 2560px\" title=\"Created with GIMP\" alt=\"\" \t\tclass=\"so-widget-image\"\/>\n\t<\/div>\n\n<\/div><\/div><\/div><\/div><div id=\"pg-gb11683-69ddb968cef19-1\"  class=\"panel-grid panel-no-style\" ><div id=\"pgc-gb11683-69ddb968cef19-1-0\"  class=\"panel-grid-cell\" ><div id=\"panel-gb11683-69ddb968cef19-1-0-0\" class=\"so-panel widget widget_empty-space panel-first-child panel-last-child\" data-index=\"4\" ><div class=\"thim-widget-empty-space template-base\"><div class=\"empty_space\" style=\"height:30px\"><\/div><\/div><\/div><\/div><\/div><\/div>","protected":false},"excerpt":{"rendered":"<p>Les frais d&rsquo;inscription sont de : 170 \u20ac pour le Cursus Pr\u00e9paratoire Ing\u00e9nieur Int\u00e9gr\u00e9 (CP2i) 601 \u20ac pour le Cursus Ing\u00e9nieur &nbsp; En 2023-2024, le montant de la CVEC (Contribution de Vie \u00c9tudiante et de Campus) est de 100 \u20ac. &hellip; <\/p>\n","protected":false},"author":1,"featured_media":0,"parent":9028,"menu_order":0,"comment_status":"closed","ping_status":"closed","template":"","meta":{"footnotes":""},"class_list":["post-11683","page","type-page","status-publish","hentry"],"_links":{"self":[{"href":"https:\/\/www.sup-galilee.univ-paris13.fr\/index.php\/wp-json\/wp\/v2\/pages\/11683","targetHints":{"allow":["GET"]}}],"collection":[{"href":"https:\/\/www.sup-galilee.univ-paris13.fr\/index.php\/wp-json\/wp\/v2\/pages"}],"about":[{"href":"https:\/\/www.sup-galilee.univ-paris13.fr\/index.php\/wp-json\/wp\/v2\/types\/page"}],"author":[{"embeddable":true,"href":"https:\/\/www.sup-galilee.univ-paris13.fr\/index.php\/wp-json\/wp\/v2\/users\/1"}],"replies":[{"embeddable":true,"href":"https:\/\/www.sup-galilee.univ-paris13.fr\/index.php\/wp-json\/wp\/v2\/comments?post=11683"}],"version-history":[{"count":15,"href":"https:\/\/www.sup-galilee.univ-paris13.fr\/index.php\/wp-json\/wp\/v2\/pages\/11683\/revisions"}],"predecessor-version":[{"id":13528,"href":"https:\/\/www.sup-galilee.univ-paris13.fr\/index.php\/wp-json\/wp\/v2\/pages\/11683\/revisions\/13528"}],"up":[{"embeddable":true,"href":"https:\/\/www.sup-galilee.univ-paris13.fr\/index.php\/wp-json\/wp\/v2\/pages\/9028"}],"wp:attachment":[{"href":"https:\/\/www.sup-galilee.univ-paris13.fr\/index.php\/wp-json\/wp\/v2\/media?parent=11683"}],"curies":[{"name":"wp","href":"https:\/\/api.w.org\/{rel}","templated":true}]}}