{"id":11695,"date":"2019-08-07T12:55:12","date_gmt":"2019-08-07T10:55:12","guid":{"rendered":"http:\/\/sup-gal.ig-edu.univ-paris13.fr\/?page_id=11695"},"modified":"2026-04-21T16:53:12","modified_gmt":"2026-04-21T14:53:12","slug":"taxe-dapprentissage","status":"publish","type":"page","link":"https:\/\/www.sup-galilee.univ-paris13.fr\/index.php\/entreprise\/taxe-dapprentissage\/","title":{"rendered":"Taxe d&rsquo;apprentissage"},"content":{"rendered":"<div id=\"pl-gb11695-69e883241faaf\"  class=\"panel-layout wp-block-siteorigin-panels-layout-block panel-layout\" ><div id=\"pg-gb11695-69e883241faaf-0\"  class=\"panel-grid panel-no-style\" ><div id=\"pgc-gb11695-69e883241faaf-0-0\"  class=\"panel-grid-cell\" ><div id=\"panel-gb11695-69e883241faaf-0-0-0\" class=\"so-panel widget widget_heading panel-first-child panel-last-child\" data-index=\"0\" ><div class=\"thim-widget-heading template-base\"><div class=\"sc_heading  \"><h3 style=\"text-transform: uppercase;\" class=\"title\">Objectifs<\/h3><span class=\"line\"><\/span><\/div><\/div><\/div><\/div><\/div><div id=\"pg-gb11695-69e883241faaf-1\"  class=\"panel-grid panel-no-style\" ><div id=\"pgc-gb11695-69e883241faaf-1-0\"  class=\"panel-grid-cell\" ><div id=\"panel-gb11695-69e883241faaf-1-0-0\" class=\"so-panel widget widget_sow-editor panel-first-child panel-last-child\" data-index=\"1\" ><div\n\t\t\t\n\t\t\tclass=\"so-widget-sow-editor so-widget-sow-editor-base\"\n\t\t\t\n\t\t>\n<div class=\"siteorigin-widget-tinymce textwidget\">\n\t<p>&nbsp;<\/p>\n<p>Vous pouvez <strong>apporter un soutien financier<\/strong> aux formations scientifiques de l\u2019Institut Galil\u00e9e <strong>en versant tout ou partie de votre taxe d\u2019apprentissage annuelle<\/strong>.<\/p>\n<p>Vous soutiendrez alors <strong>les formations, l\u2019insertion et l\u2019orientation<\/strong>.<\/p>\n<\/div>\n<\/div><\/div><\/div><div id=\"pgc-gb11695-69e883241faaf-1-1\"  class=\"panel-grid-cell\" ><div id=\"panel-gb11695-69e883241faaf-1-1-0\" class=\"so-panel widget widget_sow-editor panel-first-child panel-last-child\" data-index=\"2\" ><div\n\t\t\t\n\t\t\tclass=\"so-widget-sow-editor so-widget-sow-editor-base\"\n\t\t\t\n\t\t>\n<div class=\"siteorigin-widget-tinymce textwidget\">\n\t<p><img loading=\"lazy\" decoding=\"async\" class=\"alignnone wp-image-13634 aligncenter\" src=\"https:\/\/sup-gal.ig-edu.univ-paris13.fr\/wp-content\/uploads\/2024\/02\/P1040333-300x225.jpg\" alt=\"\" width=\"277\" height=\"208\" srcset=\"https:\/\/www.sup-galilee.univ-paris13.fr\/wp-content\/uploads\/2024\/02\/P1040333-300x225.jpg 300w, https:\/\/www.sup-galilee.univ-paris13.fr\/wp-content\/uploads\/2024\/02\/P1040333-1024x768.jpg 1024w, https:\/\/www.sup-galilee.univ-paris13.fr\/wp-content\/uploads\/2024\/02\/P1040333-768x576.jpg 768w, https:\/\/www.sup-galilee.univ-paris13.fr\/wp-content\/uploads\/2024\/02\/P1040333-1536x1152.jpg 1536w, https:\/\/www.sup-galilee.univ-paris13.fr\/wp-content\/uploads\/2024\/02\/P1040333-2048x1536.jpg 2048w\" sizes=\"auto, (max-width: 277px) 100vw, 277px\" \/><\/p>\n<\/div>\n<\/div><\/div><\/div><\/div><div id=\"pg-gb11695-69e883241faaf-2\"  class=\"panel-grid panel-no-style\" ><div id=\"pgc-gb11695-69e883241faaf-2-0\"  class=\"panel-grid-cell\" ><div id=\"panel-gb11695-69e883241faaf-2-0-0\" class=\"so-panel widget widget_empty-space panel-first-child panel-last-child\" data-index=\"3\" ><div class=\"thim-widget-empty-space template-base\"><div class=\"empty_space\" style=\"height:30px\"><\/div><\/div><\/div><\/div><\/div><div id=\"pg-gb11695-69e883241faaf-3\"  class=\"panel-grid panel-no-style\" ><div id=\"pgc-gb11695-69e883241faaf-3-0\"  class=\"panel-grid-cell\" ><div id=\"panel-gb11695-69e883241faaf-3-0-0\" class=\"so-panel widget widget_sow-editor panel-first-child panel-last-child\" data-index=\"4\" ><div\n\t\t\t\n\t\t\tclass=\"so-widget-sow-editor so-widget-sow-editor-base\"\n\t\t\t\n\t\t>\n<div class=\"siteorigin-widget-tinymce textwidget\">\n\t<p><strong>D\u00e9velopper des p\u00e9dagogies innovantes :<\/strong><\/p>\n<ul>\n<li>en poursuivant le d\u00e9veloppement des formations en Apprentissage<\/li>\n<li>en maintenant un parc informatique actualis\u00e9<\/li>\n<li>en recrutant des intervenants externes sp\u00e9cialis\u00e9s<\/li>\n<\/ul>\n<p>&nbsp;<\/p>\n<p><strong>Nous moderniser :<\/strong><\/p>\n<ul>\n<li>en finan\u00e7ant des travaux d&rsquo;am\u00e9lioration des locaux<\/li>\n<li>en \u00e9quipant nos salles de cours avec du mat\u00e9riel de pointe<\/li>\n<\/ul>\n<\/div>\n<\/div><\/div><\/div><div id=\"pgc-gb11695-69e883241faaf-3-1\"  class=\"panel-grid-cell\" ><div id=\"panel-gb11695-69e883241faaf-3-1-0\" class=\"so-panel widget widget_sow-editor panel-first-child panel-last-child\" data-index=\"5\" ><div\n\t\t\t\n\t\t\tclass=\"so-widget-sow-editor so-widget-sow-editor-base\"\n\t\t\t\n\t\t>\n<div class=\"siteorigin-widget-tinymce textwidget\">\n\t<p><strong>Financer :<\/strong><\/p>\n<ul>\n<li>le Forum Stages Galil\u00e9e Entreprises<\/li>\n<li>des voyages d\u2019\u00e9tudes en France ou \u00e0 l\u2019\u00e9tranger<\/li>\n<li>des visites de sites d\u2019int\u00e9r\u00eat et d\u2019entreprises partenaires pour nos \u00e9tudiants<\/li>\n<\/ul>\n<p>&nbsp;<\/p>\n<p><strong>Investir dans du mat\u00e9riel :<\/strong><\/p>\n<ul>\n<li>logiciels et mat\u00e9riels informatique<\/li>\n<li>m\u00e9trologie, r\u00e9seaux de capteurs, colorim\u00e8tres\u2026<\/li>\n<li>logiciels professionnels en \u00c9nerg\u00e9tique : Ansys Fluent, Prosim, PVsyst , Pleiade, Comfie<\/li>\n<\/ul>\n<\/div>\n<\/div><\/div><\/div><\/div><div id=\"pg-gb11695-69e883241faaf-4\"  class=\"panel-grid panel-no-style\" ><div id=\"pgc-gb11695-69e883241faaf-4-0\"  class=\"panel-grid-cell\" ><div id=\"panel-gb11695-69e883241faaf-4-0-0\" class=\"so-panel widget widget_heading panel-first-child panel-last-child\" data-index=\"6\" ><div class=\"thim-widget-heading template-base\"><div class=\"sc_heading  \"><h3 style=\"text-transform: uppercase;\" class=\"title\">Comment proc\u00e9der au versement?<\/h3><span class=\"line\"><\/span><\/div><\/div><\/div><\/div><\/div><div id=\"pg-gb11695-69e883241faaf-5\"  class=\"panel-grid panel-no-style\" ><div id=\"pgc-gb11695-69e883241faaf-5-0\"  class=\"panel-grid-cell\" ><div id=\"panel-gb11695-69e883241faaf-5-0-0\" class=\"so-panel widget widget_sow-editor panel-first-child panel-last-child\" data-index=\"7\" ><div\n\t\t\t\n\t\t\tclass=\"so-widget-sow-editor so-widget-sow-editor-base\"\n\t\t\t\n\t\t>\n<div class=\"siteorigin-widget-tinymce textwidget\">\n\t<p><a href=\"https:\/\/galilee.univ-spn.fr\/wp-content\/uploads\/2025\/05\/Comment-proceder-au-versement.png\" target=\"_blank\" rel=\"noopener noreferrer\"><img loading=\"lazy\" decoding=\"async\" class=\"aligncenter\" src=\"https:\/\/galilee.univ-spn.fr\/wp-content\/uploads\/2025\/05\/Comment-proceder-au-versement.png\" alt=\"\" width=\"800\" height=\"931\" \/><\/a><\/p>\n<\/div>\n<\/div><\/div><\/div><\/div><div id=\"pg-gb11695-69e883241faaf-6\"  class=\"panel-grid panel-no-style\" ><div id=\"pgc-gb11695-69e883241faaf-6-0\"  class=\"panel-grid-cell\" ><div id=\"panel-gb11695-69e883241faaf-6-0-0\" class=\"so-panel widget widget_empty-space panel-first-child panel-last-child\" data-index=\"8\" ><div class=\"thim-widget-empty-space template-base\"><div class=\"empty_space\" style=\"height:30px\"><\/div><\/div><\/div><\/div><\/div><div id=\"pg-gb11695-69e883241faaf-7\"  class=\"panel-grid panel-no-style\" ><div id=\"pgc-gb11695-69e883241faaf-7-0\"  class=\"panel-grid-cell\" ><div id=\"panel-gb11695-69e883241faaf-7-0-0\" class=\"so-panel widget widget_sow-editor panel-first-child panel-last-child\" data-index=\"9\" ><div\n\t\t\t\n\t\t\tclass=\"so-widget-sow-editor so-widget-sow-editor-base\"\n\t\t\t\n\t\t>\n<div class=\"siteorigin-widget-tinymce textwidget\">\n\t<p>Vous pouvez affecter votre taxe d\u2019apprentissage <b>en fl\u00e9chant la ou les formations de votre choix (voir Codes RNCP)<\/b> via la plateforme <a href=\"https:\/\/www.soltea.education.gouv.fr\/espace-public\/\" target=\"_blank\" rel=\"noopener\">SOLT\u00e9A<\/a> de la Caisse des D\u00e9p\u00f4ts et Consignations, d\u00e9di\u00e9e \u00e0 la r\u00e9partition du solde de la taxe.<\/p>\n<p>L\u2019URSSAF et la Caisse des d\u00e9p\u00f4ts et Consignations feront le n\u00e9cessaire pour\u00a0<strong>pr\u00e9lever, r\u00e9partir et reverser les fonds indiqu\u00e9s pour l\u2019Institut Galil\u00e9e<\/strong>\u00a0\u00e0 partir de votre DSN (D\u00e9claration Sociale Nominative) effectu\u00e9e en amont.<\/p>\n<p><strong>Trois possibilit\u00e9s pour identifier l&rsquo;Institut Galil\u00e9e<\/strong> sur <a href=\"https:\/\/employeurs.soltea.education.gouv.fr\/idp\/ta5\/oauth\/authorize?provider=netentreprise&amp;target=employeur&amp;response_type=code&amp;client_id=819066ca-4142-4050-bc4e-94442482ef27&amp;state=NERHYzlTV1IzdHJrM3RNTFAzVU8wbi5xNTdJakpiQ3oxM2lRLVBvQnVPa09t&amp;redirect_uri=https:%2F%2Femployeurs.soltea.education.gouv.fr%2Fespace-prive%2F&amp;scope=openid%20profile%20TA5_READ%20TA5_WRITE&amp;code_challenge=wJffThiFtM5iZ70gTlu2w1JopK9ntPUYY1lfR78b9YI&amp;code_challenge_method=S256&amp;nonce=NERHYzlTV1IzdHJrM3RNTFAzVU8wbi5xNTdJakpiQ3oxM2lRLVBvQnVPa09t\" target=\"_blank\" rel=\"noopener\">SOLT\u00e9A<\/a> une fois connect\u00e9 :<\/p>\n<ul>\n<li>en inscrivant \u201cInstitut Galil\u00e9e\u201d<\/li>\n<li>avec le code UAI : 0932059H<\/li>\n<li>avec le num\u00e9ro SIRET de l&rsquo;Universit\u00e9 : 199 312 380 00017<\/li>\n<\/ul>\n<\/div>\n<\/div><\/div><\/div><div id=\"pgc-gb11695-69e883241faaf-7-1\"  class=\"panel-grid-cell\" ><div id=\"panel-gb11695-69e883241faaf-7-1-0\" class=\"so-panel widget widget_sow-editor panel-first-child panel-last-child\" data-index=\"10\" ><div\n\t\t\t\n\t\t\tclass=\"so-widget-sow-editor so-widget-sow-editor-base\"\n\t\t\t\n\t\t>\n<div class=\"siteorigin-widget-tinymce textwidget\">\n\t<p><a href=\"https:\/\/www.soltea.education.gouv.fr\/espace-public\/\" target=\"_blank\" rel=\"noopener noreferrer\"><img loading=\"lazy\" decoding=\"async\" class=\"alignnone wp-image-7271\" src=\"https:\/\/galilee.univ-paris13.fr\/wp-content\/uploads\/logo-soltea.png\" alt=\"\" width=\"200\" height=\"150\" \/><\/a><\/p>\n<\/div>\n<\/div><\/div><\/div><\/div><div id=\"pg-gb11695-69e883241faaf-8\"  class=\"panel-grid panel-no-style\" ><div id=\"pgc-gb11695-69e883241faaf-8-0\"  class=\"panel-grid-cell\" ><div id=\"panel-gb11695-69e883241faaf-8-0-0\" class=\"so-panel widget widget_empty-space panel-first-child panel-last-child\" data-index=\"11\" ><div class=\"thim-widget-empty-space template-base\"><div class=\"empty_space\" style=\"height:30px\"><\/div><\/div><\/div><\/div><\/div><div id=\"pg-gb11695-69e883241faaf-9\"  class=\"panel-grid panel-no-style\" ><div id=\"pgc-gb11695-69e883241faaf-9-0\"  class=\"panel-grid-cell\" ><div id=\"panel-gb11695-69e883241faaf-9-0-0\" class=\"so-panel widget widget_sow-button panel-first-child panel-last-child\" data-index=\"12\" ><div\n\t\t\t\n\t\t\tclass=\"so-widget-sow-button so-widget-sow-button-flat-88c922ee6212-11695\"\n\t\t\t\n\t\t><div class=\"ow-button-base ow-button-align-center\"\n>\n\t\t\t<a\n\t\t\t\t\thref=\"https:\/\/galilee.univ-spn.fr\/wp-content\/uploads\/2025\/05\/Plaquette-TA.pdf\"\n\t\t\t\t\tclass=\"sowb-button ow-icon-placement-left ow-button-hover\" target=\"_blank\" rel=\"noopener noreferrer\" \t>\n\t\t<span>\n\t\t\t<span class=\"sow-icon-elegantline\" data-sow-icon=\"&#xe008;\"\n\t\tstyle=\"\" \n\t\taria-hidden=\"true\"><\/span>\n\t\t\tPlaquette taxe d&rsquo;apprentissage\t\t<\/span>\n\t\t\t<\/a>\n\t<\/div>\n<\/div><\/div><\/div><\/div><div id=\"pg-gb11695-69e883241faaf-10\"  class=\"panel-grid panel-no-style\" ><div id=\"pgc-gb11695-69e883241faaf-10-0\"  class=\"panel-grid-cell\" ><div id=\"panel-gb11695-69e883241faaf-10-0-0\" class=\"so-panel widget widget_empty-space panel-first-child panel-last-child\" data-index=\"13\" ><div class=\"thim-widget-empty-space template-base\"><div class=\"empty_space\" style=\"height:50px\"><\/div><\/div><\/div><\/div><\/div><\/div>","protected":false},"excerpt":{"rendered":"<p>&nbsp; Vous pouvez apporter un soutien financier aux formations scientifiques de l\u2019Institut Galil\u00e9e en versant tout ou partie de votre taxe d\u2019apprentissage annuelle. Vous soutiendrez alors les formations, l\u2019insertion et l\u2019orientation.<\/p>\n","protected":false},"author":1,"featured_media":0,"parent":9030,"menu_order":0,"comment_status":"closed","ping_status":"closed","template":"","meta":{"footnotes":""},"class_list":["post-11695","page","type-page","status-publish","hentry"],"_links":{"self":[{"href":"https:\/\/www.sup-galilee.univ-paris13.fr\/index.php\/wp-json\/wp\/v2\/pages\/11695","targetHints":{"allow":["GET"]}}],"collection":[{"href":"https:\/\/www.sup-galilee.univ-paris13.fr\/index.php\/wp-json\/wp\/v2\/pages"}],"about":[{"href":"https:\/\/www.sup-galilee.univ-paris13.fr\/index.php\/wp-json\/wp\/v2\/types\/page"}],"author":[{"embeddable":true,"href":"https:\/\/www.sup-galilee.univ-paris13.fr\/index.php\/wp-json\/wp\/v2\/users\/1"}],"replies":[{"embeddable":true,"href":"https:\/\/www.sup-galilee.univ-paris13.fr\/index.php\/wp-json\/wp\/v2\/comments?post=11695"}],"version-history":[{"count":36,"href":"https:\/\/www.sup-galilee.univ-paris13.fr\/index.php\/wp-json\/wp\/v2\/pages\/11695\/revisions"}],"predecessor-version":[{"id":14630,"href":"https:\/\/www.sup-galilee.univ-paris13.fr\/index.php\/wp-json\/wp\/v2\/pages\/11695\/revisions\/14630"}],"up":[{"embeddable":true,"href":"https:\/\/www.sup-galilee.univ-paris13.fr\/index.php\/wp-json\/wp\/v2\/pages\/9030"}],"wp:attachment":[{"href":"https:\/\/www.sup-galilee.univ-paris13.fr\/index.php\/wp-json\/wp\/v2\/media?parent=11695"}],"curies":[{"name":"wp","href":"https:\/\/api.w.org\/{rel}","templated":true}]}}