{"id":13862,"date":"2024-03-05T15:36:24","date_gmt":"2024-03-05T13:36:24","guid":{"rendered":"https:\/\/sup-gal.ig-edu.univ-paris13.fr\/?page_id=13862"},"modified":"2025-04-03T15:09:02","modified_gmt":"2025-04-03T13:09:02","slug":"soutien-aux-alumni","status":"publish","type":"page","link":"https:\/\/www.sup-galilee.univ-paris13.fr\/index.php\/soutien-aux-alumni\/","title":{"rendered":"Soutien aux Alumni"},"content":{"rendered":"<div id=\"pl-gb13862-69e0b23c28aff\"  class=\"panel-layout wp-block-siteorigin-panels-layout-block panel-layout\" ><div id=\"pg-gb13862-69e0b23c28aff-0\"  class=\"panel-grid panel-no-style\" ><div id=\"pgc-gb13862-69e0b23c28aff-0-0\"  class=\"panel-grid-cell\" ><div id=\"panel-gb13862-69e0b23c28aff-0-0-0\" class=\"so-panel widget widget_heading panel-first-child panel-last-child\" data-index=\"0\" ><div class=\"thim-widget-heading template-base\"><div class=\"sc_heading  \"><h3 style=\"text-transform: uppercase;\" class=\"title\">Mission de soutien aux dipl\u00f4m\u00e9s de l\u2019Institut Galil\u00e9e<\/h3><span class=\"line\"><\/span><\/div><\/div><\/div><\/div><\/div><div id=\"pg-gb13862-69e0b23c28aff-1\"  class=\"panel-grid panel-no-style\" ><div id=\"pgc-gb13862-69e0b23c28aff-1-0\"  class=\"panel-grid-cell\" ><div id=\"panel-gb13862-69e0b23c28aff-1-0-0\" class=\"so-panel widget widget_sow-editor panel-first-child panel-last-child\" data-index=\"1\" ><div\n\t\t\t\n\t\t\tclass=\"so-widget-sow-editor so-widget-sow-editor-base\"\n\t\t\t\n\t\t>\n<div class=\"siteorigin-widget-tinymce textwidget\">\n\t<p>Le SRE apporte un <strong>soutien administratif et de communication<\/strong> aux associations Alumni de l&rsquo;Institut Galil\u00e9e :<\/p>\n<ul>\n<li><a href=\"https:\/\/www.aisg-univ-paris13.fr\/\" target=\"_blank\" rel=\"noopener\">AISG<\/a> (Association Ing\u00e9nieurs Sup Galil\u00e9e<\/li>\n<li><a href=\"https:\/\/www.facebook.com\/people\/Amig\/100083352046431\/?locale=be_BY\" target=\"_blank\" rel=\"noopener\">AMIG<\/a> (Association Master Informatique Institut Galil\u00e9e<\/li>\n<\/ul>\n<p>\u00c0 titre d&rsquo;exemple, en automne 2023, <strong>300 Alumni ing\u00e9nieurs<\/strong>, toutes sp\u00e9cialit\u00e9s confondues et de toutes g\u00e9n\u00e9rations sur une p\u00e9riode de 40 ans, se sont r\u00e9unis au Pavillon du Lac dans le Parc des Buttes Chaumont de Paris, avec pour objectif de <strong>p\u00e9renniser un esprit d\u2019\u00e9cole<\/strong> et de <strong>constituer des r\u00e9seaux professionnels solides<\/strong>.<\/p>\n<\/div>\n<\/div><\/div><\/div><div id=\"pgc-gb13862-69e0b23c28aff-1-1\"  class=\"panel-grid-cell\" ><div id=\"panel-gb13862-69e0b23c28aff-1-1-0\" class=\"so-panel widget widget_sow-editor panel-first-child panel-last-child\" data-index=\"2\" ><div\n\t\t\t\n\t\t\tclass=\"so-widget-sow-editor so-widget-sow-editor-base\"\n\t\t\t\n\t\t>\n<div class=\"siteorigin-widget-tinymce textwidget\">\n\t<p><a href=\"\/wp-content\/uploads\/2024\/03\/affiche-gala-Alumni.pdf\" target=\"_blank\" rel=\"noopener\"><img loading=\"lazy\" decoding=\"async\" class=\"alignnone size-medium wp-image-13971 aligncenter\" src=\"https:\/\/sup-gal.ig-edu.univ-paris13.fr\/wp-content\/uploads\/2024\/03\/affiche-Gala-251x300.png\" alt=\"\" width=\"251\" height=\"300\" srcset=\"https:\/\/www.sup-galilee.univ-paris13.fr\/wp-content\/uploads\/2024\/03\/affiche-Gala-251x300.png 251w, https:\/\/www.sup-galilee.univ-paris13.fr\/wp-content\/uploads\/2024\/03\/affiche-Gala-857x1024.png 857w, https:\/\/www.sup-galilee.univ-paris13.fr\/wp-content\/uploads\/2024\/03\/affiche-Gala-768x917.png 768w, https:\/\/www.sup-galilee.univ-paris13.fr\/wp-content\/uploads\/2024\/03\/affiche-Gala-1286x1536.png 1286w, https:\/\/www.sup-galilee.univ-paris13.fr\/wp-content\/uploads\/2024\/03\/affiche-Gala.png 1328w\" sizes=\"auto, (max-width: 251px) 100vw, 251px\" \/><\/a><\/p>\n<\/div>\n<\/div><\/div><\/div><\/div><div id=\"pg-gb13862-69e0b23c28aff-2\"  class=\"panel-grid panel-no-style\" ><div id=\"pgc-gb13862-69e0b23c28aff-2-0\"  class=\"panel-grid-cell\" ><div id=\"panel-gb13862-69e0b23c28aff-2-0-0\" class=\"so-panel widget widget_empty-space panel-first-child panel-last-child\" data-index=\"3\" ><div class=\"thim-widget-empty-space template-base\"><div class=\"empty_space\" style=\"height:50px\"><\/div><\/div><\/div><\/div><\/div><\/div>\n\n\n<p class=\"has-large-font-size\"><strong>Ouverture de la plateforme Alumni de l&rsquo;Institut Galil\u00e9e<\/strong><\/p>\n\n\n\n<p>La <a href=\"http:\/\/institutgalilee-datalumni.org\"><strong>plateforme Alumni<\/strong> <\/a>de l\u2019Institut Galil\u00e9e ouvre le <strong>jeudi 03 avril \u00e0 10h!<br><\/strong><br>Elle s\u2019adresse \u00e0 vous, dipl\u00f4m\u00e9.es titulaires d\u2019un Master de l\u2019Institut, ou d\u2019un dipl\u00f4me d\u2019ing\u00e9nieur de Sup Galil\u00e9e.<br>Mais aussi \u00e0 vous, \u00e9tudiants en M2 ou en derni\u00e8re ann\u00e9e d&rsquo;ing\u00e9nieur.<\/p>\n\n\n\n<p>En vous inscrivant, vous contribuez \u00e0 :<\/p>\n\n\n\n<ul class=\"wp-block-list\">\n<li><strong>Renforcer vos liens professionnels<\/strong> au sein de notre communaut\u00e9<\/li>\n\n\n\n<li><strong>Dynamiser notre r\u00e9seau<\/strong><\/li>\n\n\n\n<li><strong>Enrichir les parcours professionnels<\/strong> de nos dipl\u00f4m\u00e9s<\/li>\n\n\n\n<li><strong>Faciliter vos recrutements<\/strong> (de dipl\u00f4m\u00e9s comme de stagiaires\/apprentis)<\/li>\n\n\n\n<li><strong>Exprimer vos besoins de formation continue<\/strong> qui pourraient \u00eatre port\u00e9s par les chercheurs et enseignants-chercheurs de l\u2019Institut<\/li>\n<\/ul>\n\n\n\n<p>Rejoignez-nous pour construire ensemble un avenir solidaire et prometteur !<br><strong>Acc\u00e8s \u00e0 la plateforme : <a href=\"http:\/\/www.institutgalilee-datalumni.org\" target=\"_blank\" rel=\"noreferrer noopener\">www.institutgalilee-datalumni.org<\/a><\/strong><\/p>\n\n\n\n<figure class=\"wp-block-image\"><img decoding=\"async\" src=\"https:\/\/galilee.univ-paris13.fr\/wp-content\/uploads\/Capture-d\u00e9cran-2025-03-28-085311.png\" alt=\"\" class=\"wp-image-7523\"\/><\/figure>\n","protected":false},"excerpt":{"rendered":"<p>Le SRE apporte un soutien administratif et de communication aux associations Alumni de l&rsquo;Institut Galil\u00e9e : AISG (Association Ing\u00e9nieurs Sup Galil\u00e9e AMIG (Association Master Informatique Institut Galil\u00e9e \u00c0 titre d&rsquo;exemple, en automne 2023, 300 Alumni ing\u00e9nieurs, toutes sp\u00e9cialit\u00e9s confondues et &hellip; <\/p>\n","protected":false},"author":1,"featured_media":0,"parent":0,"menu_order":0,"comment_status":"closed","ping_status":"closed","template":"","meta":{"footnotes":""},"class_list":["post-13862","page","type-page","status-publish","hentry"],"_links":{"self":[{"href":"https:\/\/www.sup-galilee.univ-paris13.fr\/index.php\/wp-json\/wp\/v2\/pages\/13862","targetHints":{"allow":["GET"]}}],"collection":[{"href":"https:\/\/www.sup-galilee.univ-paris13.fr\/index.php\/wp-json\/wp\/v2\/pages"}],"about":[{"href":"https:\/\/www.sup-galilee.univ-paris13.fr\/index.php\/wp-json\/wp\/v2\/types\/page"}],"author":[{"embeddable":true,"href":"https:\/\/www.sup-galilee.univ-paris13.fr\/index.php\/wp-json\/wp\/v2\/users\/1"}],"replies":[{"embeddable":true,"href":"https:\/\/www.sup-galilee.univ-paris13.fr\/index.php\/wp-json\/wp\/v2\/comments?post=13862"}],"version-history":[{"count":12,"href":"https:\/\/www.sup-galilee.univ-paris13.fr\/index.php\/wp-json\/wp\/v2\/pages\/13862\/revisions"}],"predecessor-version":[{"id":14456,"href":"https:\/\/www.sup-galilee.univ-paris13.fr\/index.php\/wp-json\/wp\/v2\/pages\/13862\/revisions\/14456"}],"wp:attachment":[{"href":"https:\/\/www.sup-galilee.univ-paris13.fr\/index.php\/wp-json\/wp\/v2\/media?parent=13862"}],"curies":[{"name":"wp","href":"https:\/\/api.w.org\/{rel}","templated":true}]}}