{"id":13864,"date":"2024-03-05T15:36:46","date_gmt":"2024-03-05T13:36:46","guid":{"rendered":"https:\/\/sup-gal.ig-edu.univ-paris13.fr\/?page_id=13864"},"modified":"2024-12-10T16:40:01","modified_gmt":"2024-12-10T14:40:01","slug":"les-chiffres-cles-de-linsertion","status":"publish","type":"page","link":"https:\/\/www.sup-galilee.univ-paris13.fr\/index.php\/les-chiffres-cles-de-linsertion\/","title":{"rendered":"Les chiffres cl\u00e9s de l&rsquo;insertion"},"content":{"rendered":"<div id=\"pl-gb13864-6a02f26e4bffb\"  class=\"panel-layout wp-block-siteorigin-panels-layout-block panel-layout\" ><div id=\"pg-gb13864-6a02f26e4bffb-0\"  class=\"panel-grid panel-no-style\" ><div id=\"pgc-gb13864-6a02f26e4bffb-0-0\"  class=\"panel-grid-cell\" ><div id=\"panel-gb13864-6a02f26e4bffb-0-0-0\" class=\"so-panel widget widget_heading panel-first-child panel-last-child\" data-index=\"0\" ><div class=\"thim-widget-heading template-base\"><div class=\"sc_heading  \"><h3 style=\"text-transform: uppercase;\" class=\"title\">Observatoire des m\u00e9tiers<\/h3><span class=\"line\"><\/span><\/div><\/div><\/div><\/div><\/div><div id=\"pg-gb13864-6a02f26e4bffb-1\"  class=\"panel-grid panel-no-style\" ><div id=\"pgc-gb13864-6a02f26e4bffb-1-0\"  class=\"panel-grid-cell\" ><div id=\"panel-gb13864-6a02f26e4bffb-1-0-0\" class=\"so-panel widget widget_sow-editor panel-first-child panel-last-child\" data-index=\"1\" ><div\n\t\t\t\n\t\t\tclass=\"so-widget-sow-editor so-widget-sow-editor-base\"\n\t\t\t\n\t\t>\n<div class=\"siteorigin-widget-tinymce textwidget\">\n\t<p>Le SRE pilote des <strong>enqu\u00eates d\u2019insertion des \u00e9tudiants dipl\u00f4m\u00e9s (Licence, Master, Ing\u00e9nieur)<\/strong> : \u00e0 la sortie de l&rsquo;\u00e9cole, \u00e0 1 an, \u00e0 3 ans, \u00e0 5 ans.<\/p>\n<p>&nbsp;<\/p>\n<p>Ces \u00e9tudes sont r\u00e9alis\u00e9es pour r\u00e9pondre aux enqu\u00eates institutionnelles <a href=\"https:\/\/www.cti-commission.fr\/\" target=\"_blank\" rel=\"noopener\">CTI,<\/a> <a href=\"http:\/\/www.cdefi.fr\/\" target=\"_blank\" rel=\"noopener\">CDEFI<\/a>, <a href=\"https:\/\/www.hceres.fr\/fr\" target=\"_blank\" rel=\"noopener\">HCERES<\/a>, MEDIA) et comme outil de pilotage dans la strat\u00e9gie de mise en place et d\u2019\u00e9volution des formations en phase avec les attentes du march\u00e9 \u00e9conomique.<\/p>\n<\/div>\n<\/div><\/div><\/div><div id=\"pgc-gb13864-6a02f26e4bffb-1-1\"  class=\"panel-grid-cell\" ><div id=\"panel-gb13864-6a02f26e4bffb-1-1-0\" class=\"so-panel widget widget_sow-editor panel-first-child panel-last-child\" data-index=\"2\" ><div\n\t\t\t\n\t\t\tclass=\"so-widget-sow-editor so-widget-sow-editor-base\"\n\t\t\t\n\t\t>\n<div class=\"siteorigin-widget-tinymce textwidget\">\n\t<p><img loading=\"lazy\" decoding=\"async\" class=\"alignnone size-medium wp-image-13576 aligncenter\" src=\"https:\/\/sup-gal.ig-edu.univ-paris13.fr\/wp-content\/uploads\/2024\/02\/PHOTO-UP-20230417-VILLETANEUSE-2-300x200.jpg\" alt=\"\" width=\"300\" height=\"200\" srcset=\"https:\/\/www.sup-galilee.univ-paris13.fr\/wp-content\/uploads\/2024\/02\/PHOTO-UP-20230417-VILLETANEUSE-2-300x200.jpg 300w, https:\/\/www.sup-galilee.univ-paris13.fr\/wp-content\/uploads\/2024\/02\/PHOTO-UP-20230417-VILLETANEUSE-2-1024x683.jpg 1024w, https:\/\/www.sup-galilee.univ-paris13.fr\/wp-content\/uploads\/2024\/02\/PHOTO-UP-20230417-VILLETANEUSE-2-768x512.jpg 768w, https:\/\/www.sup-galilee.univ-paris13.fr\/wp-content\/uploads\/2024\/02\/PHOTO-UP-20230417-VILLETANEUSE-2-1536x1024.jpg 1536w, https:\/\/www.sup-galilee.univ-paris13.fr\/wp-content\/uploads\/2024\/02\/PHOTO-UP-20230417-VILLETANEUSE-2-2048x1365.jpg 2048w, https:\/\/www.sup-galilee.univ-paris13.fr\/wp-content\/uploads\/2024\/02\/PHOTO-UP-20230417-VILLETANEUSE-2-272x182.jpg 272w\" sizes=\"auto, (max-width: 300px) 100vw, 300px\" \/><\/p>\n<\/div>\n<\/div><\/div><\/div><\/div><div id=\"pg-gb13864-6a02f26e4bffb-2\"  class=\"panel-grid panel-no-style\" ><div id=\"pgc-gb13864-6a02f26e4bffb-2-0\"  class=\"panel-grid-cell\" ><div id=\"panel-gb13864-6a02f26e4bffb-2-0-0\" class=\"so-panel widget widget_empty-space panel-first-child panel-last-child\" data-index=\"3\" ><div class=\"thim-widget-empty-space template-base\"><div class=\"empty_space\" style=\"height:50px\"><\/div><\/div><\/div><\/div><\/div><\/div>","protected":false},"excerpt":{"rendered":"<p>Le SRE pilote des enqu\u00eates d\u2019insertion des \u00e9tudiants dipl\u00f4m\u00e9s (Licence, Master, Ing\u00e9nieur) : \u00e0 la sortie de l&rsquo;\u00e9cole, \u00e0 1 an, \u00e0 3 ans, \u00e0 5 ans. &nbsp; Ces \u00e9tudes sont r\u00e9alis\u00e9es pour r\u00e9pondre aux enqu\u00eates institutionnelles CTI, CDEFI, HCERES, &hellip; <\/p>\n","protected":false},"author":1,"featured_media":0,"parent":0,"menu_order":0,"comment_status":"closed","ping_status":"closed","template":"","meta":{"footnotes":""},"class_list":["post-13864","page","type-page","status-publish","hentry"],"_links":{"self":[{"href":"https:\/\/www.sup-galilee.univ-paris13.fr\/index.php\/wp-json\/wp\/v2\/pages\/13864","targetHints":{"allow":["GET"]}}],"collection":[{"href":"https:\/\/www.sup-galilee.univ-paris13.fr\/index.php\/wp-json\/wp\/v2\/pages"}],"about":[{"href":"https:\/\/www.sup-galilee.univ-paris13.fr\/index.php\/wp-json\/wp\/v2\/types\/page"}],"author":[{"embeddable":true,"href":"https:\/\/www.sup-galilee.univ-paris13.fr\/index.php\/wp-json\/wp\/v2\/users\/1"}],"replies":[{"embeddable":true,"href":"https:\/\/www.sup-galilee.univ-paris13.fr\/index.php\/wp-json\/wp\/v2\/comments?post=13864"}],"version-history":[{"count":5,"href":"https:\/\/www.sup-galilee.univ-paris13.fr\/index.php\/wp-json\/wp\/v2\/pages\/13864\/revisions"}],"predecessor-version":[{"id":14397,"href":"https:\/\/www.sup-galilee.univ-paris13.fr\/index.php\/wp-json\/wp\/v2\/pages\/13864\/revisions\/14397"}],"wp:attachment":[{"href":"https:\/\/www.sup-galilee.univ-paris13.fr\/index.php\/wp-json\/wp\/v2\/media?parent=13864"}],"curies":[{"name":"wp","href":"https:\/\/api.w.org\/{rel}","templated":true}]}}